d by p?
11
Let m(p) = -p**3 + 3*p**2 - p + 4. Let x be m(3). Calculate the remainder when (-4)/(-10) - x - 1827/(-45) is divided by 22.
18
Suppose 0 = -5*k - 15, 4*w - k = 2*w + 21. Let r(f) = -f + 7. Let i be r(9). Let c = w + i. Calculate the remainder when c is divided by 4.
3
Let r be 4 + (-3 - (-6 - -1)). Suppose p - u + 4 = r*p, 0 = p - 2*u - 3. What is the remainder when 1/((-4)/(-216)*p) is divided by 14?
12
Suppose l - 24 = -3*l. Let n = 21 - l. What is the remainder when 86 is divided by n?
11
Let g(u) = -75*u - 8. Let a(t) = -t - 1. Let v(p) = 5*a(p) - g(p). Let j be 4/6 - (-2)/6. Calculate the remainder when v(j) is divided by 19.
16
Let n(x) = 3*x**3 - 22*x + 24. What is the remainder when n(9) is divided by 31?
29
Let o(s) be the first derivative of -s**2 + s**3 + 1/2*s**4 + 0*s + 6. Calculate the remainder when 93 is divided by o(2).
21
Suppose -34*h = -16*h - 1818. What is the remainder when h is divided by 59?
42
Suppose 9 + 3 = -2*p. Let s = 1 - p. Let n = s + -2. What is the remainder when n is divided by 4?
1
Let d be 80/12 - 4/(-12). Calculate the remainder when (-9 + d)/(1/(-16)) is divided by 17.
15
Suppose 3*n - 5*q - 11 = 6*n, -14 = 2*n + 5*q. Suppose 5*s = z + 10, -n*z + 6*z - s - 26 = 0. Calculate the remainder when 48 is divided by z.
8
Calculate the remainder when 279 is divided by (-288)/240*(-370)/6.
57
Suppose 19*q = 21*q + 3*x - 886, 0 = 2*q + 5*x - 894. Calculate the remainder when q is divided by 55.
52
Let w(j) = -j**2 + 6*j + 67. Calculate the remainder when 80 is divided by w(11).
8
Let u(t) = -t**3 - t**2 + 2*t + 45. Let k be u(0). Calculate the remainder when (-50)/(-6)*k/25 is divided by 8.
7
Let n(f) = -28*f - 173. What is the remainder when 134 is divided by n(-7)?
19
Let y(j) = -7*j**3 + 7*j**2 - 2*j. What is the remainder when y(-3) is divided by 66?
60
Let w(c) = -c**2 - 11*c + 33. Let m be w(-16). Let g be 2/(2/(-29)) - -2. Let t = g - m. Calculate the remainder when 37 is divided by t.
17
Let b be (-12)/(-16)*52/1. Suppose -b = -p + 10. Calculate the remainder when p is divided by 25.
24
Let u = -26 + 41. Suppose u - 1 = 2*n. Suppose -3*f + 10 = y + 2*f, 0 = f + 3. What is the remainder when y is divided by n?
4
Let q be (-5 - (-753)/12) + 1/4. Suppose -q*x = -54*x - 196. What is the remainder when x is divided by 10?
9
Suppose -k + 3 = 5. Let n(f) = -24*f - 9. Calculate the remainder when n(k) is divided by 10.
9
Let l = -90 + 107. Suppose -2*t + g + 4 - 3 = 0, -5*t + 2*g + 4 = 0. Suppose 6*m = t*m + 260. Calculate the remainder when m is divided by l.
14
Let a = 28 - 26. Suppose 0 = -a*h + 2*t + 42, -5*h - 3*t + 5*t = -93. What is the remainder when (-2)/3*441/(-6) is divided by h?
15
Let z(n) = 4*n + 4. Let u(h) = -h**3 - 26*h**2 - 75*h - 10. What is the remainder when z(4) is divided by u(-3)?
4
Let n(z) = 6*z**2 + 2*z - 76. What is the remainder when n(-19) is divided by 137?
134
Suppose 20*m - 110 = 15*m. Suppose 0 = -2*r + r + m. Suppose -5*f + 260 = -f. What is the remainder when f is divided by r?
21
Let y(o) = -3 + 18 - 4*o + 5*o + 21. What is the remainder when 73 is divided by y(-17)?
16
Suppose 34875 = 51*m + 24*m. Calculate the remainder when m is divided by 26.
23
Let u(k) = -43*k - 243. Let f(d) = -d**3 - 5*d**2 + 4*d - 4. Let p be f(-6). Let r = p + 32. What is the remainder when r is divided by u(-6)?
10
Let r(k) = k**3 + 11*k**2 - 3*k - 7. What is the remainder when r(-4) is divided by 20?
17
Suppose 38*v - 1467 = 699. What is the remainder when v is divided by 28?
1
What is the remainder when (11/(-2))/((14/228)/(-7)) is divided by 37?
35
Let k(g) = -g**3 - 36*g**2 - 39*g + 81. Calculate the remainder when k(-35) is divided by (-2)/(-3) - (-40)/3.
11
Suppose -2*a - 3*f = -75, a = -2*f + 14 + 25. Suppose 5*w = 3*w + 5*c + 6, 12 = 4*w - c. What is the remainder when a is divided by ((-34)/(-6))/(w/9)?
16
What is the remainder when 137 is divided by 18 + 20/5 + -2?
17
Suppose -146 = 7*j - 580. What is the remainder when j is divided by 13?
10
Let c(m) be the third derivative of m**5/60 - m**4/2 - 5*m**3/6 - 5*m**2. Calculate the remainder when 117 is divided by c(-3).
37
Let o(h) = -h**2 + 21*h - 12. What is the remainder when 40 is divided by o(19)?
14
What is the remainder when 205 is divided by (-1*(-78 - -5) + -2)*1?
63
Let i be (-6)/(-3)*-1*14. Calculate the remainder when 15 is divided by i/8*8/(-14).
1
Suppose -4*q + 10 = -2*c, -14 - 6 = -q - 3*c. Let r be 6*2*(-4)/(-6). Suppose 27 = x + q*n, -5*x + n + 117 = r. What is the remainder when x is divided by 12?
10
Suppose -3*j + 3*g = -2*j - 85, -5*j - g + 345 = 0. Let r(o) = 2*o + 83. What is the remainder when j is divided by r(-34)?
10
Suppose 0 = -6*x + 29 + 157. What is the remainder when 152 is divided by x?
28
What is the remainder when 157 is divided by (-180)/(-15) + 24/4?
13
Let w = -186 + 360. Let m = w - 60. Calculate the remainder when m is divided by 25 + (-2)/6*(-60)/5.
27
Let x(v) = -5 + 59*v**3 - 9*v - 33*v**3 - 25*v**3 + 5*v**2. What is the remainder when 42 is divided by x(-6)?
3
Calculate the remainder when 83 is divided by (-7)/(2/(-18)*(-3)/(-1)).
20
Let m be (-150)/15 - (1 + 1). Let n be 18/m - 6/(-4). Suppose 19 = y + 4*z - 2*z, n = 3*y + 5*z - 59. Calculate the remainder when 43 is divided by y.
20
Suppose -5*b + 0*t + 4 = -2*t, -4*t = -12. Calculate the remainder when 36 is divided by b/(-3 + -2*124/(-80)).
16
Let x = 150 - 73. Calculate the remainder when x is divided by 16.
13
Calculate the remainder when ((-9)/5)/((-4)/220) is divided by 25.
24
Let h = 34 + -34. Suppose h = -4*j - 4*l + 40, l + 62 = 10*j - 5*j. Calculate the remainder when 166 is divided by j.
10
Let a = -661 + 912. Calculate the remainder when a is divided by 18.
17
Suppose 3220 = 35*d + 315. What is the remainder when d is divided by 23?
14
Let r = -9 - -30. Suppose 0 = -q - 83 + 327. Suppose 0 = 3*x + x - q. What is the remainder when x is divided by r?
19
Let u be (-4)/(-6)*(-18)/4. Let z be -1 - (-23)/(u/3). Let x = -9 - z. What is the remainder when x is divided by 6?
3
What is the remainder when 493 is divided by (-264)/(-10) - (-156)/(-390)?
25
Suppose -5*i = -55 - 80. What is the remainder when i is divided by ((-11)/4*2)/(3/6*-1)?
5
Let s = -5242 - -5256. What is the remainder when (-17)/(1 - (-12)/(-9)) is divided by s?
9
Let o(m) = -2*m**3 + 4*m**2 + 3*m + 4. Let h be o(-3). Suppose -5*g = h - 595. Calculate the remainder when g is divided by 35.
32
What is the remainder when (-2 + -1)*(1 - 10) + -1 is divided by 1/((-110)/28 - -4)?
12
Let g be ((-32)/(-3))/((-2)/(-6)). Let i = g + -27. What is the remainder when 13 is divided by i?
3
Let j = 59 - 13. Let o = j - 43. What is the remainder when o is divided by 2?
1
What is the remainder when 196 is divided by (-2)/((-65)/55 + 1)?
9
Let l(s) = 2*s**3 - 3 + 4 + 11*s**2 + s + 7*s - s**3. What is the remainder when 83 is divided by l(-10)?
20
Let w(f) = -f**2 + 8*f - 10. Let m be w(5). Suppose -296 = -2*l - a, 2*l + m*a - 294 = 3*a. What is the remainder when l is divided by 25?
24
Let u be (-3)/(-3)*(-1)/(-1). Suppose -u = a - 2*a. Let w = a - -8. Calculate the remainder when 43 is divided by w.
7
Let a(w) = -w**3 + 7*w**2 - 2*w + 1. Let b = 1089 - 1017. What is the remainder when b is divided by a(6)?
22
Let x(j) = -4*j - 13. Let q = -55 - -51. Calculate the remainder when 6 is divided by x(q).
0
Suppose -3*y + 5*y + 188 = 5*t, 3*y + 73 = 2*t. Suppose -7 + 1 = 2*j. Let d = t + j. What is the remainder when d is divided by 18?
17
Let a = 13 - 10. Suppose -2*b - 13 = -5*t, 5*t + a*b + 3 + 4 = 0. Calculate the remainder when 55 is divided by 20/10 - (-13 + t).
13
Suppose 28*z = -8*z + 6012. What is the remainder when z is divided by 43?
38
Let y = -70 - -81. Let b = 113 - 166. Let i = 85 + b. Calculate the remainder when i is divided by y.
10
Let q be 9/4*16/6. Let z = -1 + q. What is the remainder when 9 is divided by z?
4
Let k be -4 + 8 - (0 - 0). Suppose 0*h - 3*o = 5*h - 226, k*o = 2*h - 106. Let w = h - 34. What is the remainder when 24 is divided by w?
11
Let f(o) be the third derivative of -o**6/120 - o**5/60 + 14*o**3/3 - 4*o**2. Calculate the remainder when f(0) is divided by 10.
8
Let v = -1073 - -1141. Calculate the remainder when 350 is divided by v.
10
Wha